. Suppose 3*d - 3 = 0, -2*a + 4*a - 2422 = -4*d. Let k = a - w. Is k a composite number?
True
Let i(n) = 2980*n - 58. Let d be i(-22). Let g be 2/(-8) - (-2 - d/(-8)). Suppose -4*t = -9*t + 3*a + g, 6 = -2*a. Is t a prime number?
False
Suppose -21 = 2*x + 31. Let c be 4/x - (-201)/39. Suppose 3*k = -5*w + 1873 + 246, -c*k - w + 3495 = 0. Is k a composite number?
True
Let i be -1 + 1 + (-1)/2*-4. Suppose z - 10 = i*r, -3*z = 3*r + 3 + 3. Suppose z*f - 938 = -108. Is f a composite number?
True
Suppose 5*g + y = -35, 3*g + y + 19 = -0*g. Let p be (36/g + 5)*0. Suppose -1459 = -3*l - k, -2*l - k + 1261 - 287 = p. Is l a composite number?
True
Is ((-2)/(4/(-186078)))/(-21 + (6 - -18)) composite?
False
Let d be ((-25)/(-10))/(2/4). Suppose -124 = -d*v + 846. Suppose 4*s + 4*u - 187 - 153 = 0, -4*u = -2*s + v. Is s prime?
True
Let w(h) = -6706*h - 287. Let k(c) = 1677*c + 72. Let p(u) = 9*k(u) + 2*w(u). Is p(5) a composite number?
True
Let l(m) = -m + 1. Let j(g) = -115*g - 1. Let k(n) = j(n) + 4*l(n). Let x be k(-2). Let o = x + 52. Is o prime?
True
Let a(t) = -2*t + 9. Suppose -2*r = -2, 2*r - 6 + 14 = 2*b. Let k be a(b). Let n(v) = -149*v**3 + v + 1. Is n(k) a composite number?
False
Let g(a) be the second derivative of -149*a**3/6 - 51*a**2/2 - a - 31. Is g(-28) prime?
False
Let n = 17 - 8. Let k(o) = o**2 + 54*o - 1632. Let z be k(35). Suppose n*y - z = 128. Is y a prime number?
True
Let s(r) = -6 - 1 + 2*r**2 - 3*r**3 + 0*r**3 - 5. Is s(-7) prime?
False
Suppose 3*r = 4*a - 51973, -2*a + 25985 = -5*r + 4*r. Suppose 10*z + a - 36221 = 0. Is z a composite number?
True
Let n(s) = -2085*s - 39. Let x be n(-6). Let k = x - 8672. Is k a composite number?
True
Suppose d - 5271 = 5*z, -4*d = -z - 7706 - 13435. Let l be (-10)/(-15)*d/(-4). Let m = l + 1760. Is m a prime number?
False
Let k = -1246675 - -2215562. Is k prime?
False
Suppose 38*m - 131 = 59. Suppose -2*o = 5*c - 16448 + 1799, 0 = m*c + o - 14647. Is c prime?
False
Suppose 6921 + 11985 = 9*y - 3*y. Is y prime?
False
Suppose -325 = -3*v - 6*c + c, -v - 4*c + 106 = 0. Let i = v + -92. Suppose -u + 2*j + 321 = 0, -5*j = -13 + i. Is u a composite number?
True
Suppose -13*u + 0*u + 34762 = 0. Let d = -22 - -25. Suppose -d*l + 5*l = u. Is l composite?
True
Is (-19)/(-76) - 2*6863532/(-32) prime?
False
Let i(x) = x**3 - 4*x**2 + 5*x - 2. Let g be i(3). Let j be 1493/((-1)/(-10)*10). Suppose -j = -g*w + 511. Is w a prime number?
False
Is 2/((-7)/((-48537027)/(-18))*-1) a composite number?
True
Suppose 4*m + 824882 = 5*i + m, -4*m + 824889 = 5*i. Suppose 24*f = 5*f + i. Is f composite?
True
Suppose 4*t - 573690 = 2*c, -t = t + 5*c - 286803. Is t a composite number?
False
Suppose -3*y = -10 + 1, -2*s - 14 = -4*y. Let j(t) = -1627*t + 14. Is j(s) composite?
True
Let x(r) be the second derivative of -107*r**5/20 - r**4/12 - 5*r**3/3 - 21*r**2/2 + r - 3. Is x(-2) a composite number?
True
Let a be (-68150)/(-4) + (-4)/8. Suppose 17*t - a = -10*t. Is t composite?
False
Let f = -74 + 116. Let i = f - 37. Suppose 9627 = 4*n + i*z, 2*n + 4846 = 4*n - 4*z. Is n prime?
False
Let s be 34/10 - 12/30. Suppose 0 = 3*n - 3*j, -3*n - 3*j - 9 = s. Is 8301/15 + n/5 prime?
False
Let z = 42704 + 14187. Suppose 4*y - 34145 = -3*p, 0*p + 2*y + z = 5*p. Is p a composite number?
True
Let i = 30280 - 5027. Is i a composite number?
False
Let v be (14/28)/(3*2/25932). Let z = 6150 - v. Is z composite?
False
Let f = 445958 - 310947. Is f prime?
False
Let u = -94 - -156. Suppose 340 = 6*d - u. Is d prime?
True
Suppose -22 = -2*j - 0. Suppose 5*u - 22 = 2*x, -u = 3*x - 29 + j. Is (3/12)/(u/38328) a composite number?
False
Is ((-16058432)/96)/(4 + (-70)/15) a prime number?
False
Let f = -902485 + 2030866. Is f a composite number?
True
Is 276468 - (-13)/(-104)*8 composite?
False
Let z be 0/((-9)/6*8/(-6)). Suppose z = p + 2*p. Suppose 3188 = -p*c + 4*c. Is c a prime number?
True
Suppose 4*f - 105 = -f. Let q be (1393/f)/(1/3). Let b = -110 + q. Is b a prime number?
True
Let h(q) = q**2 - 12*q + 9. Let x be h(12). Is (-1)/(2530024/(-281113) + x) a prime number?
False
Suppose -11*f = -k - 13*f - 619, 0 = 4*k + 5*f + 2461. Let m = -682 + 402. Let b = m - k. Is b a composite number?
True
Let f(v) = v**2 + 5*v + 6. Let y be f(-2). Suppose 5*n - 11135 - 13430 = y. Suppose -6*h + 2*h = -3*m + n, 2*m - 3282 = 4*h. Is m composite?
True
Let q(k) = -19*k - 144. Let x be q(-8). Let r(c) = 20*c**3 - 3*c**2 + 2*c + 21. Is r(x) a prime number?
False
Let p = 6258 + -3037. Suppose -11*u = -15006 - p. Is u prime?
True
Suppose -3*l = 5*g - 6, 2*l - 3*l + 2 = -g. Suppose 0*i = -l*i + 2656. Suppose i - 3853 = -5*a. Is a prime?
False
Suppose 17*d - 223087 = -32024. Is d a composite number?
False
Let d(c) = 2613*c**3 + 2*c**2 + 3*c - 4. Let f be d(1). Let u = f + 408. Is (0 - u/(-8))/(4/16) a prime number?
True
Let h(d) = 18 + 3 - 53*d + 496*d. Let q(b) = 222*b + 11. Let u(c) = 4*h(c) - 9*q(c). Is u(-7) composite?
False
Let y = 492058 + -344945. Is y prime?
False
Suppose 10356*c + 2188605 = 10371*c. Is c a composite number?
True
Let g = 4387 + -2900. Let j = -509 - g. Let y = j + 4389. Is y composite?
False
Let p(j) = -74*j**3 - 21*j**2 + 24*j - 16. Is p(-13) prime?
False
Let s(v) = 10*v**2 + 29*v + 70. Let u be s(-14). Let b be (-8)/52 - 2/(-13). Suppose 0*h + 4*h - 5*o - 3238 = b, 2*h - 5*o = u. Is h prime?
False
Suppose h + 9108 = 5*h - 4*y, 15 = -5*y. Suppose 56*c - 50*c - h = 0. Is c a composite number?
False
Suppose 63*l - 65*l = -2*t + 102454, -t - 4*l + 51237 = 0. Is t composite?
False
Suppose 0 = -3*s - 2111 + 27428. Is (0 + 2)*(s/2)/3 composite?
True
Let u = -794 + 801. Let a(g) = 60*g**2 - 18*g + 17. Is a(u) a prime number?
False
Let t = -724409 - -1234926. Is t a composite number?
True
Let q(p) = -3799*p + 456. Is q(-33) a composite number?
True
Suppose -8*u - 286570 = -13*u. Suppose 11*v = u - 17373. Is v prime?
True
Let p be (-47715)/18 + (-12)/72. Let x = -760 - p. Is x a composite number?
True
Suppose -104*t + 106*t - 56774 = 0. Is t a prime number?
True
Suppose 215*p + 865120 + 506578 = 217*p. Is p composite?
False
Suppose 3*z = 5*v - 443608 - 54927, -3*z = 2*v - 199414. Is v prime?
True
Suppose 14*k = 11309 + 23075. Let f be k/((0 + 3)/(15/5)). Suppose -t - f = -9*t. Is t composite?
False
Let r(f) = -32*f**2 - 4*f - 7. Let i(u) = -33*u**2 - 3*u - 4. Let t(o) = 6*i(o) - 7*r(o). Is t(-6) a composite number?
True
Let z = 18308 + -2556. Suppose -z = 16*o - 24*o. Is o prime?
False
Suppose -5*z - 499 = -2*l - 3909, 3*l + 4*z = -5092. Let a = 2977 + l. Is a prime?
True
Let h(v) = -v**2 + 22*v + 21. Let g be h(23). Let q = 6 + g. Suppose -1333 = -q*w + 3*u - 0*u, 1649 = 5*w + 2*u. Is w prime?
True
Let m(u) = u**2 + 19*u + 74. Let s be m(-13). Is -5*(-6229)/((-54)/(-6) + s) a prime number?
True
Let u = -48 - -35. Let c = u - 2. Is c/(-6)*46 + 4 a composite number?
True
Let l be (-1)/(-1*4/16). Suppose 2*u = 4*j, u - l = -0. Suppose 2*k - 5*w = 307, k - 126 = -j*w - w. Is k a prime number?
False
Let o = -41 + 81. Suppose -23*h + 18*h = -o. Suppose 0 = -h*a + 3890 + 518. Is a prime?
False
Suppose 4*n - 142293 = -3*o, 5398 - 52815 = -o + n. Is o composite?
True
Suppose -3*r - 4*l + 19 = 0, -4*r + 2*l - 5*l = -23. Suppose r*h = -4*q + 2078, 0 = -0*q - 2*q - 2*h + 1038. Is q a composite number?
True
Let p be ((-5)/15 - 20/(-6)) + 77. Let c = -74 + p. Suppose 1103 = c*x - 3949. Is x prime?
False
Let o = 843425 - 369986. Is o a composite number?
True
Let p(l) = 5*l - 32 + 7*l + 0*l - 10*l. Let k be p(17). Suppose -5*o = r - 47 + 11, 2*o = -k*r + 48. Is r prime?
False
Suppose 2*f = i - 2*f + 1132, -f + 3440 = -3*i. Suppose 26*h - 30*h - 12421 = 5*s, 0 = -2*h - 3*s - 6209. Let t = i - h. Is t a composite number?
True
Let h be (-105)/(-10)*(-6)/9. Let k be 60/h + (-4)/(-7). Is -6*(1236/k - -1) a prime number?
False
Let s(a) = -10497*a - 7. Let n be s(-1). Suppose 13*d + n = 23*d. Is d prime?
True
Let i = -28947 - -64984. Is i a composite number?
False
Let m = 33 + -30. Suppose 2*v - 8335 = -m*v. Suppose v = 5*g - 2123. Is g a composite number?
True
Suppose 10*t + 30 = 4*t. Let i be (-16713)/t + (-4)/(-10). Suppose -7*o + 2*o = 2*x - 5537, -4*x - i = -3*o. Is o a composite number?
False
Suppose -3*p + 206 = 209, 0 = -3*w + 6*p + 1927479. Is w a composit